 + 1. Let q be h(-1). Let l = c + q. What is the remainder when 9 is divided by l?
1
Let v = -2178 + 2197. What is the remainder when 38 is divided by v?
0
Let j(d) = 2*d - 22. Let r be j(11). Let q(c) = c**2 - 5*c - 4. Let a be q(-3). Suppose r = -x + a + 17. Calculate the remainder when x is divided by 14.
9
Let g = 23 - 20. Suppose -o - g*o + 306 = x, 4*o + 2*x = 304. Calculate the remainder when o is divided by 20.
17
Suppose 0 = -2*p - 5*c + 10*c + 201, 3*c = -3. Suppose 3*i - p = -o, -7*i + 3*i + 148 = -3*o. Calculate the remainder when i is divided by 18.
16
Let c(r) = 11*r - 36. Let k be c(5). Let a = 2 + k. What is the remainder when a is divided by 11?
10
Let g(h) = 4*h - 2. Suppose -2*m = m - 5*j - 253, -2*m = 5*j - 177. What is the remainder when m is divided by g(6)?
20
Suppose 4123 + 623 = 14*c. What is the remainder when c is divided by 43?
38
Suppose -k + 5*a - a = -114, a + 193 = 2*k. What is the remainder when k is divided by 48?
46
Let u = 106 - -35. Calculate the remainder when (-1*2)/((-6)/u) is divided by 88/5 - (-96)/(-160).
13
Suppose 20*v = 15*v - 5. Let x(k) = -28*k + 12. Let j(b) = b - 1. Let l(s) = 10*j(s) + x(s). Calculate the remainder when l(v) is divided by 7.
6
Let v = 26 + -64. Let t = v - -45. What is the remainder when t is divided by 4?
3
What is the remainder when 10 is divided by (-2)/(-12)*18 + 3?
4
Suppose 2*l - 10*g + 5*g = 84, 2*l - 68 = g. Suppose l*c - 380 = 13*c. Suppose 5*b = b - f + 52, 5*f - 32 = -b. What is the remainder when c is divided by b?
8
Let c = 87 - 68. Let n = -4 + 6. Suppose n*t - 28 = -2*t. What is the remainder when c is divided by t?
5
Let t(c) = c**2 + 3*c - 2. Let p(n) = 14*n**3 - 3*n**2 + 2*n + 7. What is the remainder when p(2) is divided by t(3)?
15
Suppose -4*m - 5*u + 122 = 38, -2*m + 24 = -2*u. Let k(j) = -j. Let y(b) = 30*b - 1. Let w(f) = -2*k(f) + y(f). What is the remainder when w(2) is divided by m?
15
Calculate the remainder when (-4 + (-136)/(-3))/(2/6) is divided by 43.
38
Let h(z) = z**2 - z - 8. Suppose s = 2*s + 6. Let k(b) = b**2 - 20*b - 15. What is the remainder when h(s) is divided by k(21)?
4
Let k be (-16)/(-4) - (-3 + 1). Let p = k - -11. What is the remainder when (-1 - -32 - 1) + 2 is divided by p?
15
Suppose -3*f + 10 + 11 = -2*y, 5*f + y - 22 = 0. Let n = 3 - f. What is the remainder when 67 is divided by 174/5 - n/10?
32
Let m(u) be the third derivative of -13*u**6/120 - u**4/24 - u**3/3 - 21*u**2. Calculate the remainder when m(-1) is divided by 2.
0
Let j(i) = -3*i**2 + 51*i - 12. Calculate the remainder when 59 is divided by j(16).
23
Let g = -86 + 99. What is the remainder when 17 is divided by g?
4
Let j = 51 - 6. Suppose j + 90 = 3*s. What is the remainder when s is divided by 17?
11
Let t = -5 - -10. Let w be ((-3)/(-4))/(-1 + (-522)/(-528)). Let q = 80 + w. Calculate the remainder when q is divided by t.
4
Let r = 2687 - 2297. What is the remainder when r is divided by 7?
5
Let w(c) = -c - 4. Let x be w(8). Let u = x - -16. Suppose a - 75 = -u*j, 4*a - 2*a = 6. Calculate the remainder when j is divided by 10.
8
Let h = -1 - -10. Suppose 0 = 8*b - 1224 + 136. Suppose -5*f = -f - b. What is the remainder when f is divided by h?
7
Let f = -121 - -227. Let d = f - 41. Suppose d = 2*m - 29. Calculate the remainder when m is divided by 24.
23
Suppose 4*f - 34 = -10. Suppose -7*t = -f*t - 1. What is the remainder when 71/t + -4 + 3 is divided by 15?
10
Let i(h) = -43*h - 75. Calculate the remainder when 214 is divided by i(-3).
52
Suppose 5*s - 4*n - 148 = 0, -3*s + n = s - 114. Let k = 44 - 29. Calculate the remainder when s is divided by k.
13
Suppose -8 = -2*j, x - 2*x + 5*j - 29 = 0. Let n = x - -10. Suppose 2*w + n = 13. Calculate the remainder when 22 is divided by w.
4
Let p(g) = -g**3 + 7*g**2 + 2. Calculate the remainder when 113 is divided by p(6).
37
Let c = 8 + -11. Let o(s) = 4*s**2 - 2*s + 2. Let q(f) = -3*f**2 + 3*f - 1. Let u(a) = c*q(a) - 2*o(a). Calculate the remainder when 50 is divided by u(7).
11
What is the remainder when 3/(3 + 0)*401 is divided by 67?
66
Let z be (-20)/(-4)*-5 - 1*-1. Let h = 27 + z. What is the remainder when 10 is divided by h?
1
Let r = 23 + -24. Calculate the remainder when (0 - (-2 - -4))/(r/97) is divided by 49.
47
Suppose 0 = q + 4*s + 18, 0*q = q + 3*s + 13. Suppose -39 = -q*y - 2*k + 15, -4 = 4*k. What is the remainder when 111 is divided by y?
27
Suppose 21*u + 27 = 24*u. Suppose 2*q - 7 = 3*x, -x = q + 3*x - u. Suppose 3*g - g - 48 = 0. What is the remainder when g is divided by q?
4
Let x(b) = 3*b**3 - 3*b**2 + 3*b - 4. Let v = 384 - 317. Calculate the remainder when v is divided by x(2).
11
Suppose -8*n = 10*n. Suppose -o + 2*o = -4*i + 92, o - 4 = n. What is the remainder when 42 is divided by i?
20
Let z(k) = -3*k - 12. Let t be z(-6). Let b(m) = m - 4. Let s be b(t). Suppose 36 = -s*c + 5*c. Calculate the remainder when c is divided by 7.
5
Let i = 58 + -56. Suppose i*g + 0*c - 272 = -4*c, -g + 115 = -5*c. Calculate the remainder when g is divided by 19.
16
Suppose 712 = -12*n + 20*n. Calculate the remainder when n is divided by 6.
5
Let u(m) = 179*m**2 - 23*m - 21. Calculate the remainder when u(-1) is divided by 61.
59
Let i(r) = r**3 + 6*r**2 + r - 3. Suppose -57 = -c - 9. Calculate the remainder when c is divided by i(-5).
14
Let q(d) = 36*d - 1. Suppose 16*c - 19*c - 2*f = -37, -3*c - 3*f + 42 = 0. Calculate the remainder when q(1) is divided by c.
8
Suppose -76*a + 79*a + 153 = 4*x, 2*a + 76 = 2*x. Calculate the remainder when 74 is divided by x.
35
Suppose -6*x + 2*x + 380 = 0. Suppose 4*a - 105 = -3*a. What is the remainder when x is divided by (5/a)/((-6)/(-576))?
31
Suppose -v - 30 = -3*o + 70, -v = 4*o - 124. Calculate the remainder when 94 is divided by o.
30
Let d(l) = 2*l**3 + 10*l**2 - 4*l - 3. Let f be d(-5). Let c(j) = 6*j - 74. What is the remainder when 111 is divided by c(f)?
27
Let m(z) = z**2 - 2. What is the remainder when 205 is divided by m(-5)?
21
Suppose -5*d + 215 = 5*b, -5*b - 26 = -d + 23. What is the remainder when 260 is divided by d?
40
Suppose 68*t - 62*t = 204. Calculate the remainder when t is divided by 21.
13
Let l(d) = d + 11. Let j be l(-10). Suppose -j - 11 = 3*z, 2*c = -5*z + 156. Calculate the remainder when c is divided by 23.
19
Let w = 1382 - 1342. What is the remainder when 123 is divided by w?
3
Calculate the remainder when ((-2)/3 + 1)/((-3)/(-5526)) is divided by 157.
143
Suppose 3*q - 4*q + 105 = 0. Suppose -122*m + 0*m = -2196. Calculate the remainder when q is divided by m.
15
Suppose 59 = 8*p + 3. Calculate the remainder when p is divided by 1.
0
Let d = -23 + 72. Let v = 59 - d. Calculate the remainder when 29 is divided by v.
9
Let h be (2/(-6))/(15/(-855)). Let f = h + -10. What is the remainder when 51 is divided by f?
6
Let n = 30 - 29. Suppose -3*x - 26 = 5*a, -53 + 16 = 5*x + 2*a. Let m = -4 - x. What is the remainder when m is divided by n?
0
Suppose 4*q + 7 + 37 = 0. Let z be (-22)/(-6) - q/33. Suppose z*y - 11 = 9. Calculate the remainder when 13 is divided by y.
3
Let j(p) = 2*p**3 - 7*p**2 + 10*p + 6. Calculate the remainder when j(5) is divided by 23.
16
Let m = 1602 + -1497. What is the remainder when m is divided by 50?
5
What is the remainder when ((-99)/22)/((-24)/320) is divided by (-107)/(-5) + 4/(-10)?
18
Suppose 9*c = 4*c + 10. Suppose 4*o - 36 + 28 = 0. What is the remainder when c is divided by o?
0
Let y be ((-22)/4)/((-1)/2). Suppose m = -2*m + r, -4*r = -5*m + 7. Let x = y - m. Calculate the remainder when 45 is divided by x.
9
Let g(k) = -2*k**2 + 10*k + 10. What is the remainder when 30 is divided by g(4)?
12
Suppose 0 = -2*z + 2*c - 26, 2*z + 16 = -4*c - 22. Let j be z/9 - 16/12. Let i(t) = -17*t + 2. What is the remainder when i(j) is divided by 14?
11
Suppose m = 3*u - 283, -5*u - 5*m = -10*u + 475. Let n = -56 + u. What is the remainder when n is divided by (-10)/6*(-7 + 1)?
8
Suppose -13*j - 3102 = -24*j. What is the remainder when j is divided by 21?
9
Let r(h) = -h**2 + 15*h + 17. Let j(b) = -7*b**2 - 3*b**3 - 6*b - 4 + 0*b**3 + 2 + 4*b**3. Calculate the remainder when r(12) is divided by j(8).
11
Let z(k) = -13 + 18*k + 1 + 0 - 12 + k**2. Calculate the remainder when 46 is divided by z(-20).
14
Let 